 digit of 19081337?
8
What is the hundred thousands digit of 19443195?
4
What is the hundred millions digit of 1266839946?
2
What is the hundred thousands digit of 753509518?
5
What is the tens digit of 13798549?
4
What is the hundreds digit of 431118849?
8
What is the hundreds digit of 1135743914?
9
What is the millions digit of 768614326?
8
What is the millions digit of 1938915?
1
What is the hundred thousands digit of 321453477?
4
What is the hundred thousands digit of 688447802?
4
What is the units digit of 4091020303?
3
What is the ten thousands digit of 480407470?
0
What is the tens digit of 31608037?
3
What is the hundred millions digit of 598830865?
5
What is the units digit of 8269307765?
5
What is the ten thousands digit of 5982413797?
1
What is the thousands digit of 4910579689?
9
What is the units digit of 296372705?
5
What is the ten millions digit of 88679068?
8
What is the hundreds digit of 5336532635?
6
What is the units digit of 188417080?
0
What is the ten millions digit of 1008955719?
0
What is the hundreds digit of 61219100?
1
What is the hundreds digit of 9728774?
7
What is the millions digit of 204058492?
4
What is the tens digit of 306601194?
9
What is the hundreds digit of 138844211?
2
What is the hundreds digit of 916088903?
9
What is the ten thousands digit of 25665540?
6
What is the thousands digit of 22623528?
3
What is the hundred thousands digit of 324965884?
9
What is the thousands digit of 13078859?
8
What is the thousands digit of 87975305?
5
What is the hundreds digit of 34158285?
2
What is the hundred millions digit of 330518844?
3
What is the tens digit of 314855558?
5
What is the hundred millions digit of 6217237564?
2
What is the tens digit of 610168979?
7
What is the hundred millions digit of 1342614850?
3
What is the hundreds digit of 79888331?
3
What is the thousands digit of 4182071658?
1
What is the ten millions digit of 57441681?
5
What is the millions digit of 336400063?
6
What is the tens digit of 22812113?
1
What is the ten thousands digit of 24415512?
1
What is the ten thousands digit of 172296178?
9
What is the ten thousands digit of 195426588?
2
What is the hundred thousands digit of 2630632382?
6
What is the ten thousands digit of 707382100?
8
What is the ten millions digit of 67603799?
6
What is the hundred thousands digit of 37434702?
4
What is the hundred thousands digit of 10016966?
0
What is the ten thousands digit of 107157040?
5
What is the hundred millions digit of 273523603?
2
What is the ten millions digit of 2016310477?
1
What is the ten millions digit of 540851334?
4
What is the hundred thousands digit of 7987489468?
4
What is the ten millions digit of 161056466?
6
What is the ten millions digit of 4482946338?
8
What is the hundreds digit of 19589127?
1
What is the ten thousands digit of 164291719?
9
What is the thousands digit of 20065362?
5
What is the millions digit of 30656273?
0
What is the millions digit of 990147411?
0
What is the hundreds digit of 12484025?
0
What is the hundreds digit of 20604646?
6
What is the millions digit of 7872120?
7
What is the hundreds digit of 8489717?
7
What is the hundreds digit of 1674537001?
0
What is the hundreds digit of 18538448?
4
What is the tens digit of 61676975?
7
What is the units digit of 204796995?
5
What is the tens digit of 172020913?
1
What is the millions digit of 3111397830?
1
What is the ten millions digit of 779495352?
7
What is the ten thousands digit of 2901799214?
9
What is the hundred thousands digit of 422979645?
9
What is the ten thousands digit of 1219093658?
9
What is the thousands digit of 3242767795?
7
What is the tens digit of 1688929524?
2
What is the hundreds digit of 71737640?
6
What is the millions digit of 1533658271?
3
What is the units digit of 191232746?
6
What is the hundred thousands digit of 162892554?
8
What is the billions digit of 3131062217?
3
What is the tens digit of 3780316298?
9
What is the units digit of 30330404?
4
What is the hundred millions digit of 2137251651?
1
What is the tens digit of 155246744?
4
What is the millions digit of 372111093?
2
What is the hundred thousands digit of 4438466?
4
What is the hundred millions digit of 260008862?
2
What is the hundred thousands digit of 607784782?
7
What is the thousands digit of 74883720?
3
What is the millions digit of 460902276?
0
What is the hundreds digit of 913155450?
4
What is the tens digit of 30293790?
9
What is the hundreds digit of 15653736?
7
What is the millions digit of 132454754?
2
What is the hundreds digit of 117488974?
9
What is the tens digit of 476029242?
4
What is the thousands digit of 775357332?
7
What is the units digit of 5421015?
5
What is the hundred millions digit of 880827348?
8
What is the hundreds digit of 893333983?
9
What is the hundreds digit of 6021055?
0
What is the ten millions digit of 34768446?
3
What is the hundreds digit of 434745672?
6
What is the billions digit of 1384126900?
1
What is the hundreds digit of 47521275?
2
What is the ten millions digit of 1518071352?
1
What is the ten millions digit of 36174347?
3
What is the units digit of 44607836?
6
What is the hundred thousands digit of 214765552?
7
What is the hundred thousands digit of 134541214?
5
What is the hundred millions digit of 304845217?
3
What is the units digit of 155031260?
0
What is the hundreds digit of 172008250?
2
What is the ten millions digit of 683172271?
8
What is the hundred millions digit of 341137652?
3
What is the millions digit of 567344769?
7
What is the thousands digit of 130791306?
1
What is the hundred thousands digit of 11801925?
8
What is the tens digit of 63042717?
1
What is the ten millions digit of 1025066855?
2
What is the units digit of 73323591?
1
What is the units digit of 2210797610?
0
What is the tens digit of 674463?
6
What is the tens digit of 10719722?
2
What is the ten thousands digit of 833719?
3
What is the hundreds digit of 539587934?
9
What is the millions digit of 18239317?
8
What is the ten thousands digit of 48065126?
6
What is the ten millions digit of 12856767?
1
What is the hundreds digit of 3622728805?
8
What is the tens digit of 80426200?
0
What is the hundred thousands digit of 145721655?
7
What is the ten millions digit of 724248280?
2
What is the hundred thousands digit of 1894015752?
0
What is the billions digit of 3473814750?
3
What is the millions digit of 1462898588?
2
What is the hundred millions digit of 287891197?
2
What is the ten millions digit of 47395909?
4
What is the billions digit of 2302189100?
2
What is the thousands digit of 660124483?
4
What is the units digit of 29135881?
1
What is the thousands digit of 339917469?
7
What is the ten millions digit of 91842129?
9
What is the ten millions digit of 17573559?
1
What is the ten millions digit of 407525525?
0
What is the tens digit of 37295428?
2
What is the hundred millions digit of 492270065?
4
What is the ten thousands digit of 3578863180?
6
What is the ten thousands digit of 601053097?
5
What is the hundreds digit of 1270049?
0
What is the units digit of 50344412?
2
What is the thousands digit of 413986826?
6
What is the units digit of 1092676230?
0
What is the ten thousands digit of 30258653?
5
What is the tens digit of 60264609?
0
What is the ten millions digit of 1165130006?
6
What is the hundred thousands digit of 17369195?
3
What is the ten millions digit of 1259354122?
5
What is the hundreds digit of 117091557?
5
What is the millions digit of 111502826?
1
What is the ten millions digit of 54107795?
5
What is the hundred millions digit of 2832443821?
8
What is the thousands digit of 789179868?
9
What is the ten millions digit of 36440469?
3
What is the units digit of 2872380454?
4
What is the hundred millions digit of 185095691?
1
What is the millions digit of 2896884463?
6
What is the millions digit of 125602181?
5
What is the ten thousands digit of 418158566?
5
What is the units digit of 270619099?
9
What is the units digit of 52467793?
3
What is the units digit of 44404879?
9
What is the ten millions digit of 627437561?
2
What is the hundred millions digit of 126582318?
1
What is the hundred thousands digit of 1771060179?
0
What is the thousands digit of 12538785?
8
What is the ten millions digit of 359737237?
5
Wh